 remainder when q*1/(y/(-24)) is divided by 9.
7
Let d = -3 - -10. What is the remainder when ((-26)/(-3))/((-4)/(-6)) is divided by d?
6
Let l(r) = -r - 1. Let f be l(-3). Let p(k) = k + 6. Calculate the remainder when p(13) is divided by f/3*(-42)/(-4).
5
Suppose -2*a = -4*a + 2*x + 4, 4*a - 5*x = 8. Suppose 3*f - m = 29, -3*f + 2*m = -a*f - 3. Let u(d) = 31*d**2. What is the remainder when u(-1) is divided by f?
9
Let r(j) = 3*j**2 + j - 1. What is the remainder when r(-3) is divided by 5?
3
Suppose 15 = 3*q - 15. Calculate the remainder when 49 is divided by q.
9
Suppose -n = 2*g - 31, -3*n + 30 - 7 = g. Let t = g - 9. Calculate the remainder when (-9 + 2/2)*-1 is divided by t.
3
Suppose -3*q + 4 = -14. Suppose -5 + 25 = 2*p. Calculate the remainder when p is divided by q.
4
Suppose 5*h - 15 = -0*h. Let m(v) = v**3 - 2*v**2 + v + 1. Let d = 3 - -4. What is the remainder when m(h) is divided by d?
6
Let u(j) = j**3 + 15*j**2 + 11*j + 7. What is the remainder when 242 is divided by u(-14)?
46
Let d(f) = f**2 - 3*f - 4. Let y(b) = -b**2 - 11*b + 5. Let z be y(-11). Calculate the remainder when d(z) is divided by 4.
2
Let q(h) = h**3 - 5*h**2. Let f be (12/8)/(6/20). Let a be q(f). Suppose b = 4*m - 68, 0 = -a*m - 2*m + 2*b + 40. What is the remainder when 30 is divided by m?
14
Suppose v + s = 3, -4*s = -6 + 2. Suppose 0 = -v*w - w. Suppose c - 2*m - 8 - 2 = 0, w = 5*c - 2*m - 42. Calculate the remainder when c is divided by 5.
3
Let f = 12 + -6. Let p(i) = 3*i**2 - i - 7. Calculate the remainder when p(f) is divided by 32.
31
Suppose -4*s + 1 = -59. Let l be 36/s*(-5)/(-2). Let c = l + 4. Calculate the remainder when 19 is divided by c.
9
Let s(m) be the second derivative of -m**5/20 - 2*m**4/3 + 7*m**3/6 + m**2/2 + 5*m. Calculate the remainder when s(-9) is divided by 5.
4
Suppose 102 = 3*t + 18. What is the remainder when t is divided by (-200)/16*(-4)/5?
8
Suppose 3*f + 105 = 4*y - 2*f, 0 = -2*y - 5*f + 45. What is the remainder when 99 is divided by y?
24
Suppose -n = 4*z - 58, 6*n - 2*n - 220 = -4*z. What is the remainder when n is divided by 19?
16
Suppose b = 3*c + 22 + 15, 2*b + c = 102. Suppose t - b = -3*t + 3*q, -5*q = -5*t + 55. Let a = 15 - 6. What is the remainder when t is divided by a?
7
Suppose -7*o + 45 + 67 = 0. Calculate the remainder when 93 is divided by o.
13
Let p(j) = j + 11. Let d(m) = 1. Let c(x) = 2*x. Let q(t) = c(t) + 3*d(t). Let n be q(-6). Calculate the remainder when 7 is divided by p(n).
1
Suppose 4*b - 100 = -2*q, -b + 8*q + 7 = 4*q. Calculate the remainder when b is divided by 13.
10
Suppose -5*a + 62 + 8 = 0. Calculate the remainder when 39 is divided by a.
11
What is the remainder when 10 is divided by (36/(-15))/((-6)/15)?
4
Let b(j) = -j**3 + 9*j**2 - 13*j + 12. Let d be b(8). Calculate the remainder when 53 is divided by (d/10)/(4/(-20)).
11
Suppose -5*f = 3*u - 36, 3*f + 0*f = 0. Let l = 15 + -8. What is the remainder when u is divided by (-1)/((-1)/l - 0)?
5
Let i be 1/((7/6)/7). Suppose -10*t + 56 = -i*t. Calculate the remainder when 54 is divided by t.
12
Calculate the remainder when 420/15*3/2 is divided by 8.
2
Let l(d) = 10*d. Let c be (-2)/(-8) - 7/(-4). What is the remainder when (60 + -2)*1 + 0 is divided by l(c)?
18
Let o be -1*(-12)/(12/4). Suppose -5*l = h - 20, 0 = -o*h + l + 6 + 53. What is the remainder when h is divided by 8?
7
Let z(g) = -g**3 - 3*g**2 - 8*g - 6. What is the remainder when 88 is divided by z(-3)?
16
Suppose 7*d = 2*d + 25. Let t(g) = g**2 - g + 1. Suppose -10 = 5*c, 2*m = 3*m - 4*c - 12. Calculate the remainder when t(m) is divided by d.
3
Let v = 48 + -30. Suppose -5*i + 40 = 5. What is the remainder when v is divided by i?
4
Let u(a) = 4*a - 3. Let o be u(2). Suppose 17 = o*m - 158. What is the remainder when m is divided by 0 + 14/1 + -2?
11
Let a(k) = -k**3 + 9*k**2 + 2*k + 7. Let l be a(9). Let x = -8 + l. Calculate the remainder when x is divided by 6.
5
Suppose -3*g + 61 = -0*x - 5*x, x = -5. Calculate the remainder when 21 is divided by g.
9
Suppose 0 = -r + 2, 3*n - 5*n - 5*r = -34. What is the remainder when n is divided by 7?
5
Let y(x) = x**2 - 3*x + 1. Let l be y(3). Suppose -l + 6 = q. Suppose -20 = 5*g, -2*v = -7*v - q*g + 5. Calculate the remainder when 9 is divided by v.
4
Let m(s) = s**3 + s**2 - s + 1. Let a be m(0). Let j be -42 - (0 + 1 + a). Let o = j + 70. Calculate the remainder when o is divided by 14.
12
Let p(c) = -21*c + 6. Let k(i) = 4*i - 1. Let v(z) = -33*k(z) - 6*p(z). Calculate the remainder when v(-3) is divided by 9.
6
Suppose -26 = -j - 12. What is the remainder when 69 is divided by j?
13
Let l be ((-3)/2)/(21/(-28)). Calculate the remainder when 16 is divided by (15/20)/(l/24).
7
Let d = 11 - 0. Suppose -d = -2*b + 21. Suppose 0 = -3*x + 35 + b. Calculate the remainder when x is divided by 5.
2
Let f(p) = -5*p - 7. Suppose 13 - 1 = a. What is the remainder when f(-6) is divided by a?
11
Let v(h) = h**2 - 4*h + 7. Suppose 0 = 3*g + 2*w - 2, -5*g - 4*w + 8 = -3*w. Calculate the remainder when v(6) is divided by (7/4)/(g/8).
5
Let g be (-39)/(-5) + 1/5. Suppose 0 = 5*s + g - 73. Let l = -1 + s. Calculate the remainder when l is divided by 7.
5
Let i(s) = -s**2 + 17*s - 4. Calculate the remainder when i(12) is divided by 23.
10
Suppose -3*b - 5*m + 25 = 0, 5 + 20 = -2*b + 5*m. Suppose b = -2*n + h + 21, 0*h - h = n - 15. What is the remainder when 34 is divided by n?
10
What is the remainder when 4/(-4 - 132/(-32)) is divided by 7?
4
Let y = 175 + -66. What is the remainder when y is divided by 55?
54
Let m(f) = -14*f - 9. Calculate the remainder when m(-8) is divided by 21.
19
Suppose -4*o - 27 - 2 = -m, 2*m + 26 = -4*o. Let g(v) = -v**3 + v**2 - v + 7. Let b be g(0). Let u = b - o. What is the remainder when u is divided by 4?
2
Let g be (-4)/(-2) - 3 - -4. Suppose g*v = v + 24. Calculate the remainder when 35 is divided by v.
11
Suppose 3*s + 3*t - 129 + 45 = 0, 4*t = 4*s - 120. Suppose 2*b + 33 = 5*b + 3*r, 2*b = 4*r + 4. Calculate the remainder when s is divided by b.
5
Let y be ((-4)/5)/((-2)/10). Suppose 3 = -4*d + 183. Suppose d = v + y*v. What is the remainder when 16 is divided by v?
7
Let d(u) = 4*u**2 + 29*u - 13. What is the remainder when 146 is divided by d(-9)?
46
Let u(t) = 8*t - 5 + 3 + 0. Calculate the remainder when u(6) is divided by 8/3*(-1 + 7).
14
Suppose 4*z + 62 = 2*v, 0*z - 3 = z. Let k = -20 + 5. Let w = -6 - k. What is the remainder when v is divided by w?
7
Suppose 4*a + 3*g - 106 = 0, a - 6*a + 144 = -2*g. Suppose -3*z + 654 = 3*z. Calculate the remainder when z is divided by a.
25
Let r(b) = 3*b + 15. Let s(h) = h + 4. Let j(z) = 2*r(z) - 9*s(z). Calculate the remainder when 32 is divided by j(-6).
8
Let g(y) = 2*y**3 + 5*y**2 - y - 4. Let t be g(3). Suppose 3*l = w + 5*l - 11, 4*l = 4*w - t. Calculate the remainder when w is divided by 11.
8
Let l(h) = h**3 - 7*h**2 + 9*h - 6. What is the remainder when (-4)/(-12)*-3 - -36 is divided by l(6)?
11
Suppose 14*o - 230 = 4*o. Calculate the remainder when o is divided by 14.
9
What is the remainder when 706/14 + -1 + 11/7 is divided by 27?
24
Suppose 2*b + 59 = -w, -3*b - 125 = 2*b - 5*w. Let z be (-48)/b - 4/(-14). Suppose -74 = z*n - 4*n. Calculate the remainder when n is divided by 13.
11
Let m = 39 - 24. What is the remainder when 9 is divided by 58/10 + 3/m?
3
Let b = -9 + 12. Suppose 5 = -5*a + 25. Suppose 20 = -0*t + a*t. Calculate the remainder when t is divided by b.
2
Let p = 62 + -48. Calculate the remainder when 54 is divided by p.
12
Suppose 4*y + 0*o - 14 = 2*o, -5*o - 20 = 5*y. What is the remainder when 2 is divided by y?
0
Let m(g) = -2*g**2 - g + 7. Let d(r) = -r**2 + 3. Let a(q) = -5*d(q) + 2*m(q). Suppose k - 5 = -0*k. What is the remainder when a(-3) is divided by k?
4
Let x be 1/((-1)/(-3)) + -1. Suppose 5*j - 6 = o + 2*j, 0 = 3*o + j - 32. What is the remainder when o is divided by 3*x + -3 + 2?
4
Suppose 0 = -4*o + 8*o. Suppose 0*l + 2*l - 44 = o. What is the remainder when l is divided by (10/25*-9)/(6/(-20))?
10
Suppose 0*a + 3 = a. Suppose -a*h = -h - 92. What is the remainder when h is divided by 16?
14
Let n be -1*(0 - -2) + -1. Let l(d) be the first derivative of -d**4/4 + 2*d**3/3 + 2*d**2 + 2*d - 2. What is the remainder